r when v is divided by 19.
17
Suppose -3*v - 240 = 2*v. Calculate the remainder when 62 is divided by 1/(((-15)/v)/5).
14
Let u(p) = 3*p**2 + 8*p - 1. Let a(k) = -k**2 - 6*k + 1. Let q be a(-7). What is the remainder when u(q) is divided by 20?
19
Suppose 0 = q - 3*q + l + 19, -37 = -q - 5*l. What is the remainder when (-1 - -42) + (2 - -2) is divided by q?
9
Let n be (5 + -2)*(-5 + 2). Let w = 13 + n. What is the remainder when w is divided by 3?
1
Let s(d) = d**2 - 4. Let g be s(-4). What is the remainder when (-6)/g + 38/4 is divided by 6?
3
Let w = 189 + -168. Calculate the remainder when 37 is divided by w.
16
Let j(k) = -k**3 - k**2 + 11*k + 9. What is the remainder when 48 is divided by j(-4)?
9
Let z = 37 - 5. What is the remainder when z is divided by 9?
5
Calculate the remainder when 85 is divided by (-2 + 24/21)/((-8)/224).
13
Let z = 9 + 0. Calculate the remainder when (2/(-6))/(z/(-999)) is divided by 10.
7
Let w = -5 - -7. Let d be 1*(w - 2*10). Let u = 47 + d. Calculate the remainder when u is divided by 8.
5
Calculate the remainder when (2/6)/(2/126) is divided by 8.
5
Suppose 17*s - 61 = 160. Calculate the remainder when 32 is divided by s.
6
Let h(z) = z. Calculate the remainder when 57 is divided by h(12).
9
Let i(s) = 6*s**2 - 7*s - 11. Calculate the remainder when i(-3) is divided by 17.
13
Let r(x) = x**2 + 4*x + 2. Let k be r(-4). Suppose k*j = 66 - 14. Let w(n) = n**3 + 7*n**2 + 6*n - 6. What is the remainder when j is divided by w(-5)?
12
Let k = -4 - -6. Let r(w) = w**3 + 2*w**2 - 7*w + 1. Calculate the remainder when r(-3) is divided by ((-14)/(-4) + -1)*k.
3
Let q = 13 + -11. Let h(o) = -o**3 + 5*o**2 - 5*o + 2. Calculate the remainder when h(3) is divided by q.
1
Suppose -5*d + 2*d + 72 = 0. What is the remainder when 71 is divided by d?
23
Let x = 12 + 2. Let k(n) = -n**2 + 4*n + 1. Calculate the remainder when x is divided by k(3).
2
Let o(r) = 23*r + 1. Suppose -5*c + 0 + 5 = 0. Let v be o(c). Suppose v = h + 2*h. What is the remainder when 15 is divided by h?
7
Let y(c) = c**3 - 9*c**2 - c - 5. Let z be y(9). Let m = 24 + z. What is the remainder when 29 is divided by m?
9
Suppose 5*z - 10 = -0. Suppose -4*r - 12 = -z*r. Let w(i) = i**2 + 2*i - 7. What is the remainder when 48 is divided by w(r)?
14
Suppose 0 = f + f - 30. Calculate the remainder when 57 is divided by f.
12
Suppose 2*p + 3*p = -5, -p - 17 = -2*z. Suppose 8*r = 12*r - 12. Calculate the remainder when z is divided by r.
2
Suppose k - 3*k - 626 = 2*f, 974 = -3*k + 4*f. Let i = -1 + 19. Calculate the remainder when (18/27)/((-4)/k) is divided by i.
17
Suppose 13 = 5*c - 7. Suppose c*d + 160 = 8*d. Suppose 0 = 2*w - d - 52. Calculate the remainder when w is divided by 12.
10
Let f(d) = -d**3 + 7*d**2 - 5*d + 4. Calculate the remainder when 59 is divided by f(6).
9
Suppose j + 4 = 0, 2*t - 7*t + 2*j = -148. Let u = t + 5. What is the remainder when u is divided by 6?
3
Suppose 0*z = 4*z - 2*f + 20, 2*f + 15 = -3*z. What is the remainder when (z + 0)*(-152)/40 is divided by 7?
5
Suppose 11*m - 1617 = -0*m. What is the remainder when m is divided by 37?
36
Let i(n) = n**3 + 5*n**2 + 4*n + 3. Let f be i(-4). What is the remainder when f/(54/(-21) - -3) is divided by 5?
2
Suppose -i = s + 2*i + 103, -s - 133 = -3*i. Let d(r) = -4*r - 1. Calculate the remainder when 4/12 + s/(-6) is divided by d(-2).
6
Let u(w) = -w + 24. What is the remainder when u(10) is divided by (6/(-4))/((-6)/32)?
6
Suppose 5*z = 3*z. Let m = 3 + z. Suppose -3*i + m = -30. Calculate the remainder when 32 is divided by i.
10
Let g(o) = -2*o + 1. Suppose 3*q - 4*q = -8. Calculate the remainder when q is divided by g(-1).
2
Let r(t) = t + 2. Let v be r(-1). Let p be v/(0 + (-2)/(-6)). Suppose 5 = z - p. Calculate the remainder when z is divided by 5.
3
Suppose -4*a = a + 20. Let x = 31 - a. What is the remainder when x is divided by 18?
17
Let o = 0 - 5. Let s = 0 - o. Suppose -13*a + 78 = -39. Calculate the remainder when a is divided by s.
4
Let b = -12 + 16. What is the remainder when 9 is divided by b?
1
Suppose 0 = -6*p + 2*p + 8. Suppose p*w = 2, -2*g + 5*w = 4 - 15. Suppose -6*u = -11*u + 115. Calculate the remainder when u is divided by g.
7
Let o = 0 - 2. Let b(v) be the second derivative of -5*v**3/6 + v**2/2 - 3*v. What is the remainder when b(o) is divided by 4?
3
Let t(n) = 2*n**2 + 3*n - 4. Suppose -72 = -4*r - 24. What is the remainder when t(3) is divided by r?
11
Suppose -4*h - 3*n = -0*n - 36, h - 10 = -n. Suppose 0 = 3*l + 5*f + 8, 12 = 4*l + f - 0*f. Calculate the remainder when h is divided by l.
2
Suppose -5 - 4 = -3*y. Suppose j - y*o + 14 = 0, -6*o + o + 23 = -2*j. Calculate the remainder when j is divided by 1.
0
Let w(x) = -4*x - 5. Calculate the remainder when w(-9) is divided by 11.
9
Let s = -13 - -45. Calculate the remainder when s is divided by 11.
10
Suppose -4 = -u + 50. What is the remainder when u is divided by 28?
26
Let w(j) = -j**3 + 4*j**2 + 2*j - 2. Let g(y) = 23*y + 9. Let s be g(4). Let z = s + -64. Calculate the remainder when z is divided by w(3).
11
Suppose 3*k + 5*g - 38 = 0, -5*k + g + 60 = 6*g. Let z = -1 + 5. What is the remainder when k is divided by z?
3
Let y(i) = i**3 + 9*i**2 + 6. Let j be y(-9). Let f be -4*(0 - 21/j). Suppose 2*g - f = 16. Calculate the remainder when g is divided by 8.
7
Let p = -5 - -26. Calculate the remainder when 61 is divided by p.
19
Calculate the remainder when 19 is divided by 2/14 + 304/28.
8
Let v(k) = -k - 3. Let i be v(-5). Suppose -i*o = -46 - 48. Calculate the remainder when o is divided by 16.
15
Suppose -28 = -w - 5*i, -2*w + 18 + 14 = 4*i. Let c = 1 + -4. Let l = 0 - c. What is the remainder when w is divided by l?
2
Let z(m) be the third derivative of -m**5/60 + 11*m**4/24 - m**3/2 - m**2. What is the remainder when z(8) is divided by 11?
10
Let q(v) = -v**3 - 6*v**2 - 9*v - 2. Calculate the remainder when q(-7) is divided by 14.
12
Let j(b) = 25*b - 5. What is the remainder when j(3) is divided by 18?
16
Let c(k) = 2*k - 6. Let v(a) be the third derivative of -a**4/24 + a**3/6 + a**2. Let r(o) = c(o) + 5*v(o). Calculate the remainder when r(-2) is divided by 2.
1
Suppose 0 = -2*k + 3*i + 35, 2*k + k = -3*i + 15. Calculate the remainder when k is divided by 7.
3
Let l be (12/(-7))/((-2)/21). Suppose 5*w + 25 = 2*c, -3 + l = c - 5*w. Calculate the remainder when c is divided by 4.
2
Let t(j) = -j + 10. What is the remainder when 2 - (1 - 3)*1 is divided by t(7)?
1
Let b(q) = -19*q**3 - 2*q**2 - 2*q. Calculate the remainder when 55 is divided by b(-1).
17
Let f = -5 - -4. Let t(v) = -3*v + 1. What is the remainder when 11 is divided by t(f)?
3
Let h = -33 + 55. Suppose 5*z = -5*m + 240, -23 = -0*m - m + 4*z. What is the remainder when m is divided by h?
21
Suppose 198 = 5*c + v, 4*v + 123 = 5*c - 60. Suppose 0 = -3*q + 6*q - c. What is the remainder when q is divided by 4?
1
Let u(q) = 15*q - 12. Calculate the remainder when u(4) is divided by 25.
23
Let w = 54 - 49. What is the remainder when 13 is divided by w?
3
Let v = -40 - -25. What is the remainder when 3 is divided by ((-2)/5)/(3/v)?
1
Suppose -5*k - 4*f + 26 = 0, -2*k - k + f + 19 = 0. Suppose -5*x + 9 + 13 = z, 0 = 5*x. Suppose -m + z = m. Calculate the remainder when m is divided by k.
5
Suppose z = -15 - 89. Let b = -62 - z. Calculate the remainder when b is divided by 15.
12
Let w be 4/6 + (-28)/(-21). Suppose 5*d - w*r = 165, r + 109 = 4*d + 4*r. Calculate the remainder when d is divided by 17.
14
Let a(i) = i**2 + 12*i - 4. What is the remainder when a(6) is divided by 21?
20
Let m = 17 + -10. Let a(z) = 4*z - 19. Let f(c) = -c + 6. Let w(q) = 2*a(q) + 7*f(q). Calculate the remainder when w(9) is divided by m.
6
Suppose 0 = -d + 4*u + 58, 160 = 3*d + u - 6*u. Let v = d - 19. Calculate the remainder when 92 is divided by v.
30
Suppose 2 = 3*w - 2*w. Suppose -2*s = l - 13, -5*l = -5*s + w*s - 104. Calculate the remainder when 2/3 - (-163)/3 is divided by l.
17
Suppose 17 = i - 13. Suppose -w = z - 6*z + 59, 2*z - i = 2*w. Calculate the remainder when 21 is divided by z.
10
Suppose -3*m = -4*b + 29 + 1, -4*b = m - 6. Let c(s) = -s**2 - 11*s + 4. Calculate the remainder when c(m) is divided by (-2 - 0)*1 - -20.
16
Let r(m) = 46*m 